?
True
Is 549477277 prime?
True
Is 429345287 a composite number?
True
Is 10666037 prime?
True
Is 66648149 a prime number?
True
Is 54717781 a prime number?
False
Is 151883921 a composite number?
True
Is 77955907 a prime number?
False
Is 1505113 a prime number?
False
Is 2962871 a composite number?
False
Is 21590627 a prime number?
True
Is 25903307 prime?
False
Is 703619 prime?
False
Is 8259605 composite?
True
Is 22877769 prime?
False
Is 198936323 a composite number?
True
Is 157364981 a composite number?
False
Is 3870937 composite?
True
Is 82467841 a composite number?
True
Is 4121527 a prime number?
True
Is 29899 a prime number?
False
Is 160301963 a composite number?
False
Is 3294139 prime?
False
Is 2582003 a composite number?
True
Is 36111367 a composite number?
True
Is 37858057 a prime number?
True
Is 6499793 a composite number?
False
Is 26284171 composite?
True
Is 5822359 prime?
False
Is 4525171 a composite number?
True
Is 224203957 prime?
False
Is 13603507 a composite number?
True
Is 5146879 a prime number?
True
Is 157009829 composite?
False
Is 24362407 prime?
False
Is 50715803 composite?
True
Is 836047 a prime number?
True
Is 1099337 a composite number?
False
Is 43946827 prime?
False
Is 5595043 prime?
True
Is 1194493 a prime number?
True
Is 50035747 a composite number?
False
Is 1457459 a composite number?
False
Is 4626173 prime?
False
Is 91993 a prime number?
False
Is 379263 a prime number?
False
Is 26072789 prime?
False
Is 130955269 prime?
True
Is 1625951 a composite number?
False
Is 3105841 a prime number?
True
Is 5114999 a prime number?
True
Is 4257241 prime?
True
Is 29768393 prime?
True
Is 846293 composite?
True
Is 11231977 prime?
False
Is 674719979 composite?
False
Is 2895799 a composite number?
False
Is 574859 prime?
True
Is 17631893 composite?
False
Is 8614309 composite?
True
Is 19351493 prime?
False
Is 130983261 a composite number?
True
Is 5223227 a prime number?
True
Is 1806047 a composite number?
True
Is 52816259 composite?
False
Is 19847777 prime?
False
Is 1691611 a prime number?
True
Is 40242151 composite?
True
Is 143635333 composite?
False
Is 60656441 a composite number?
False
Is 91394543 a prime number?
False
Is 60119041 a composite number?
False
Is 61562047 a prime number?
True
Is 25484273 composite?
True
Is 68399281 a composite number?
True
Is 43758541 prime?
False
Is 68618302 composite?
True
Is 312228731 prime?
False
Is 3449833 composite?
True
Is 2560279 prime?
True
Is 324941 a prime number?
True
Is 57141187 a prime number?
True
Is 279883 a prime number?
True
Is 12415633 composite?
True
Is 1087225145 a composite number?
True
Is 4823149 a prime number?
True
Is 1193267 a prime number?
True
Is 971639 a composite number?
False
Is 7185083 composite?
False
Is 964559 composite?
False
Is 10829099 a composite number?
False
Is 4948079 prime?
True
Is 49601299 composite?
True
Is 3202007 a composite number?
True
Is 23621249 composite?
False
Is 6990289 a composite number?
False
Is 44878577 a composite number?
False
Is 313246969 prime?
False
Is 481096919 prime?
True
Is 34225837 a prime number?
True
Is 80366893 composite?
False
Is 269346463 composite?
False
Is 189912613 a prime number?
False
Is 10792877 prime?
True
Is 16670309 prime?
True
Is 34958501 composite?
True
Is 10891763 composite?
False
Is 304792639 composite?
True
Is 11256989 a prime number?
False
Is 75881407 a prime number?
False
Is 1050439 a prime number?
False
Is 5591357 a prime number?
False
Is 4944391 composite?
False
Is 254341 a composite number?
True
Is 881177 a composite number?
True
Is 137754923 prime?
False
Is 4431761 a composite number?
True
Is 99937921 prime?
False
Is 3666703 a prime number?
True
Is 2898383 a composite number?
False
Is 13062373 a prime number?
False
Is 742757 a composite number?
False
Is 5785363 a composite number?
True
Is 364011379 composite?
True
Is 4786447 a composite number?
False
Is 4469719 composite?
False
Is 290317 prime?
True
Is 4799177857 prime?
True
Is 4252957 a composite number?
True
Is 26412749 a prime number?
False
Is 262073989 a composite number?
True
Is 106993 composite?
False
Is 918197 composite?
True
Is 59905409 composite?
True
Is 2022274 a prime number?
False
Is 4105537 prime?
False
Is 303406 prime?
False
Is 69890297 composite?
False
Is 1401163 a prime number?
False
Is 7023043 prime?
True
Is 27388873 a prime number?
False
Is 60713993 a prime number?
False
Is 23243021 a composite number?
False
Is 94880447 prime?
True
Is 19900253 prime?
True
Is 77555279 a composite number?
True
Is 1346141 a composite number?
True
Is 2779519 a composite number?
True
Is 3925829 composite?
False
Is 124589 a prime number?
False
Is 4054783 a composite number?
True
Is 32130745 a composite number?
True
Is 6819509 composite?
True
Is 74363251 a prime number?
True
Is 29693182 prime?
False
Is 1044937 a prime number?
False
Is 104636369 a composite number?
True
Is 32730091 composite?
False
Is 141595121 composite?
False
Is 4403279 a composite number?
False
Is 649307 composite?
False
Is 2808335 prime?
False
Is 4483709 composite?
False
Is 20386453 composite?
False
Is 299612017 composite?
True
Is 3819373 a prime number?
False
Is 4225874 a prime number?
False
Is 26578037 a prime number?
True
Is 78081477 a composite number?
True
Is 373846727 composite?
False
Is 6951491 prime?
True
Is 22043419 a prime number?
True
Is 29109911 a composite number?
True
Is 10651337 a prime number?
False
Is 397809151 composite?
False
Is 50785811 a prime number?
True
Is 21404059 a prime number?
False
Is 2550659 prime?
True
Is 7369287 a composite number?
True
Is 270468643 composite?
True
Is 110612821 a composite number?
True
Is 4696681 a prime number?
False
Is 6706877 prime?
False
Is 151667 a prime number?
True
Is 638867 prime?
False
Is 20047327 a prime number?
True
Is 10756913 prime?
True
Is 43896187 a prime number?
True
Is 5849911 a prime number?
True
Is 28597099 prime?
True
Is 42275773 a composite number?
False
Is 542898781 prime?
True
Is 1294081 composite?
False
Is 12545633 a prime number?
True
Is 86045359 a prime number?
True
Is 11467103 a prime number?
True
Is 5845679 a composite number?
True
Is 1754069 a prime number?
False
Is 13963 prime?
True
Is 18672499 a prime number?
True
Is 35723633 a composite number?
True
Is 5013581 a composite number?
False
Is 19525449 a composite number?
True
Is 134132981 a prime number?
False
Is 6720689 a prime number?
False
Is 3069083 composite?
False
Is 7538081 prime?
True
Is 593029 prime?
True
Is 525695537 a composite number?
False
Is 10095937 prime?
True
Is 44224639 a composite number?
False
Is 828049 a composite number?
True
Is 4085923 a composite number?
False
Is 6377023 a composite number?
True
Is 9578611 prime?
False
Is 27791 prime?
True
Is 10734547 prime?
True
Is 57035963 a composite number?
False
Is 280097 composite?
False
Is 200881 prime?
True
Is 106544749 a composite number?
False
Is 146824417 composite?
True
Is 10051793 composite?
False
Is 612734407 composite?
False
Is 107047229 a composite number?
False
Is 59621845 prime?
False
Is 1522321 prime?
True
Is 1941889 composite?
False
Is 3632297 prime?
True
Is 33816311 prime?
True
Is 237543 prime?
False
Is 68275123 prime?
False
Is 24659347 a composite number?
True
Is 944011489 a prime number?
True
Is 65241674 prime?
False
Is 210581299 composite?
False
Is 109388143 composite?
False
Is 9823595 a prime number?
False
Is 756037 prime?
False
Is 2671798 a prime number?
False
Is 537217 composite?
True
Is 113845099 composite?
False
Is 1468385 a prime number?
False
Is 46542009 a prime number?
False
Is 45069803 a prime number?
True
Is 759439 a prime number?
False
Is 25377049 prime?
False
Is 11041087 a composite number?
False
Is 754567237 prime?
True
Is 4743835 a composite number?
True
Is 1002399 prime?
False
Is 8831569 a composite number?
False
Is 330323 prime?
False
Is 12623053 composite?
False
Is 37516607 a composite number?
True
Is 88895347 prime?
False
Is 35383417 prime?
True
Is 76943327 prime?
True
Is 71663429 prime?
True
Is 4224137 prime?
False
Is 9718913 composite?
False
Is 4297 a prime number?
True
Is 43643527 composite?
False
Is 13747729 a prime number?
False
Is 3417121 a composite number?
False
Is 81749 composite?
False
Is 3914663 a prime number?
True
Is 2792051 prime?
True
Is 3335014 a prime number?
